-8?
-3
What is -30 + 43 - (5 - -2)?
6
Evaluate -2 + 7 - 1 - (1 - 2).
5
What is 1 - (7 - 3) - -3?
0
Calculate -1 + 7 + (52 - 52).
6
Calculate 4 - -1 - ((22 - 9) + -13).
5
Evaluate -1 - 1 - (11 + -7 + -7).
1
What is the value of -2 + 2 - 0 - (-15 + 20)?
-5
Evaluate (0 - (-1 + 0 - 0)) + 1.
2
What is 5 + (8 - (-7 + 19))?
1
What is -1 + -5 + 6 + -5?
-5
What is 2 - (13 + -4 - 4)?
-3
What is the value of 4 - (4 - (1 - -2))?
3
What is (1 - 4) + (1 - 0)?
-2
Calculate -6 + (-2 - (4 - 7)).
-5
Evaluate (7 - 0) + (-9 - -2).
0
Evaluate (-4 - -1) + 4 + (9 - 10).
0
Evaluate 0 - 0 - (84 - 87).
3
(-5 - -3) + (-2 - -6)
2
What is (1 - 0) + (-21 - -11) + 8?
-1
What is -1 + -2 + (-5 + 3 - -2)?
-3
Evaluate (-5 - -4) + 6 + -11.
-6
What is 5 + -13 + -1 + 5?
-4
-5 - (-7 - (-17 - -6))
-9
What is 0 - (2 - -4 - 2 - 8)?
4
-47 - -40 - ((-3 - -1) + 0)
-5
What is -3 - 10 - (-12 + 1)?
-2
What is the value of -2 + -6 + 20 + -12?
0
What is 6 + (3 - (5 - (5 - 5)))?
4
What is the value of 8 + (-1 - -4 - 6)?
5
What is the value of -5 + -1 + (-10 - -14)?
-2
Calculate 2 + (17 - 13) + 0.
6
Calculate -29 + 19 + 0 + 7.
-3
Calculate 11 + -4 - (-1 + 1).
7
7 + -6 - (3 - 1 - 1)
0
What is the value of -3 + (6 - 10) + 7?
0
Evaluate (1 - -1 - 1) + -6.
-5
Calculate (2 + -2 - -1) + (13 - 9).
5
What is the value of (-12 - (-5 + -25)) + -12?
6
What is -4 + 1 + 4 + (4 - 10)?
-5
Calculate -3 + 0 - (-8 + (-1 - -1)).
5
(-2 + -3 - -8) + -2 + 1
2
Calculate -1 - -4 - ((4 - -4) + -4).
-1
Calculate (-77 - -71) + (7 - -1).
2
What is the value of (-7 - (-25 + 3)) + -9?
6
What is (17 - 0) + (-19 - -12) - 3?
7
What is the value of -8 + (-2 + 5 + 3 - 4)?
-6
-13 - (1 - (0 - 2) - 6)
-10
-5 - (7 - (9 + -1))
-4
Calculate 4 + -3 - (1 + 1).
-1
Evaluate -3 + -1 - (-128 - -120).
4
What is 7 - (6 - -5 - -2)?
-6
7 + 5 + -3 + -3
6
What is -7 + 14 + -5 - -2?
4
Evaluate (1 - -3) + (7 - 12).
-1
-2 + 13 + -24 + 14
1
What is the value of (8 - 3) + 7 + (-11 - -5)?
6
What is 22 - 39 - (-9 + 0 + 1)?
-9
What is 12 + -35 + 4 + 10?
-9
Evaluate 8 + (-13 - 1) + 0.
-6
-4 - 0 - (2 + -11)
5
What is (3 - 2) + (-15 + 4 - -4)?
-6
Evaluate -1 - ((0 - 3) + (-3 - -4)).
1
Evaluate -2 - (1 + (-2 - -3)).
-4
Evaluate 0 + -15 + 8 + 13.
6
Evaluate 1 + -9 + 4 - -1.
-3
4 - (-3 + 3) - (-3 - -6)
1
What is 12 - 4 - (8 - 6)?
6
What is (1 - (4 - (-2 - -1))) + -3?
-7
-2 + 4 - 2 - -2
2
What is (23 - 19) + (-1 + 1 - 7)?
-3
(3 - 6) + 5 - 8
-6
What is the value of 6 - ((-2 - 2) + 13 + -8)?
5
Calculate -7 + 0 + (3 - 1).
-5
What is (-1 - 2) + -3 + 1 + 10?
5
What is 3 - (-2 - -3) - -2?
4
Calculate -2 - (-3 - -4 - 3).
0
Evaluate (0 - 0) + -8 - -3.
-5
What is the value of -43 + 41 + 0 + 0?
-2
-6 - (1 - (13 - (-3 - -9)))
0
What is (-2 - -6) + -13 + 12?
3
Calculate (-1 - (1 + -2)) + (72 - 70).
2
Evaluate (-6 + -2 - -4) + 5.
1
Evaluate (2 - (1 + 3)) + 2.
0
Calculate 3 + (-1 - 6) - -4.
0
Evaluate -21 + 9 + 11 - (-1 - -2).
-2
Calculate 1 + 2 - (26 - 16).
-7
What is 7 + -3 - (2 + 4)?
-2
What is -2 + -1 + (-14 - -13) + 5?
1
-1 - (5 + -12 - -1)
5
What is 3 - -1 - ((17 - 10) + 2)?
-5
Evaluate 6 + -1 - (0 - -3).
2
What is -14 + (5 - ((11 - 8) + -3))?
-9
What is 5 + 0 + -8 + 0 - 0?
-3
Calculate 7 + -16 - (-14 - -4).
1
Calculate 2 - (-3 + 5 - 3).
3
Evaluate 8 - (6 + -7 + 6).
3
What is (-3 - (-3 + -4)) + (-1 - -2)?
5
55 - 46 - (-1 + 5) - 15
-10
What is (-4 - -6) + -5 + 5?
2
Evaluate 14 - (1 + (14 - (4 - -2))).
5
Evaluate -4 - (7 + -10 + 5).
-6
What is the value of 9 - (8 - 3) - (1 + 4)?
-1
What is (-7 - (-10 + 5)) + 3?
1
What is (-1 - 2) + (2 - 0)?
-1
What is the value of 0 + 0 + -3 - (0 - 0)?
-3
Calculate 2 - (-6 + 8 + -5).
5
1 + (4 - (1 + 12 + -7))
-1
What is -2 + -9 + 2 - -4?
-5
Calculate 15 + -11 - 11 - (-10 + 2).
1
Calculate 1 - (-3 - (2 + -6)).
0
Evaluate -4 - 1 - (3 + -7).
-1
What is 1 + -7 + 10 + (-7 - 3)?
-6
What is (6 - 6 - 0) + 0?
0
Calculate -4 + -2 + 2 + -3 + 4.
-3
5 - (4 + -1 + -6 + 7)
1
What is the value of -8 - -5 - (1 - -1 - 9)?
4
What is (2 - 5) + 2 - 1?
-2
What is -5 + 3 + -3 + 1?
-4
What is 0 - (0 - (1 - -7))?
8
Calculate (5 - (2 + 7)) + 1.
-3
What is -16 + -3 + 4 + 3 + 6?
-6
What is (-10 - -9) + 2 + 3 + -2?
2
3 + (2 - 4 - 5)
-4
Evaluate -1 - 1 - (-11 - -11).
-2
Evaluate (1 - 8) + 5 + -4 - -7.
1
Evaluate (22 - (30 - 12)) + (-1 - -1).
4
What is the value of 2 + 1 + -2 + 1 - 1?
1
What is the value of -1 + -2 - (-6 - -14 - 4)?
-7
What is the value of -10 - (-17 - (-12 - -6))?
1
What is the value of -5 - (-2 + -2) - (-8 + 3)?
4
Evaluate 0 - (0 + -12 + 5).
7
14 - 20 - (0 - (4 - -1))
-1
Calculate (30 - 36) + (7 - 0).
1
13 + -4 + -11 - (-7 + -2)
7
Calculate (2 - 1) + -2 + -2.
-3
Evaluate -2 - ((1 - -8) + (2 - 6)).
-7
Calculate 0 + 1 + -5 + 1.
-3
Evaluate -2 + -2 + -4 - (5 + -9).
-4
8 + -1 + 1 - (18 - 14)
4
What is the value of -14 - -6 - (-5 + 2)?
-5
Evaluate -5 - (-5 + 1 + -7 - -8).
-2
-3 + (-8 - -10) - 6
-7
What is the value of 5 + (0 + -5 - (0 + 0))?
0
What is -1 - (7 + 1 + -9)?
0
What is 3 - (-1 - (-3 + 0 + 3))?
4
What is the value of (-3 - -3) + (-3 - -1 - -2)?
0
Evaluate -6 + -3 + (-6 + 9 - -5).
-1
Evaluate (-4 - (2 + -5)) + 2 + 2.
3
5 - (6 - (7 + -2))
4
What is (-3 - (-2 + -6 + 2)) + -4?
-1
What is the value of (5 + -8 - -5) + -5?
-3
-8 + 13 + -6 + 5
4
What is the value of 0 + 1 + -1 + (42 - 44)?
-2
Calculate 0 + 1 - -4 - 0.
5
Evaluate (-2 - 1) + 23 + -17.
3
What is the value of 4 + (-13 - -2) - -5?
-2
What is (6 - 4) + -9 + 2 + 1?
-4
Calculate 5 - -1 - 0 - (65 - 60).
1
What is the value of -8 - (0 + -1) - -15 - -1?
9
1 - -2 - (-8 + 6)
5
What is the value of -5 - -14 - (23 - 23)?
9
Evaluate 1 - 0 - ((1 - -7) + -5).
-2
What is 31 - 7 - 11 - 9?
4
What is (20 - 23) + (7 - 1)?
3
Evaluate (1 - -4) + (3 + -5 - 0).
3
Evaluate 11 - (12 + -2) - -5.
6
Calculate (28 - 19) + -1 + -3.
5
What is -5 - (-15 - -8 - 1)?
3
What is -1 - (11 - (-12 + 26))?
2
Calculate -1 + -2 + 2 + (106 - 102).
3
Calculate -3 + (-4 - -4) - (-11 + 5).
3
Evaluate (-7 - (-2 - 12)) + -3 + -9.
-5
Evaluate 12 - 12 - -9 - 19.
-10
What is the value of 12 + -2 + (-30 - -20)?
0
What is 4 - (1 - -4) - -1?
0
Calculate -1 - (16 + -8 - 8 - 6).
5
What is the value of -2 - ((0 - (0 - 1)) + 1)?
-4
Calculate (1 - -3 - 11) + 10.
3
10 - 6 - (-7 - (-4 + 0))
7
Evaluate -1 - -3 - (5 + -12 + 5).
4
Calculate -3 + 10 + -2 - 2.
3
What is -13 - (-35 + 15) - (7 + 0)?
0
Calculate 0 + 3 + -4 - -6.
5
Calculate -6 - (-9 - -8 - -2) - -3.
-4
Calculate 0 + 1 + -4 - -7.
4
What is -8 - (6 + -16 + 6)?
-4
Evaluate 2 - (-2 + (2 - (-3 - -2))).
1
What is the value of -3 - ((-1 - 3) + -3)?
4
Evaluate (8 - 5 - 2) + -7.
-6
3 + -7 + (-1 - -1)
-4
Evaluate -3 + (-5 - (-7 + 4)).
-5
Calculate (-1 - -2) + (25 - (22 - -2)).
2
Evaluate 17 - (-1 + 3) - (43 + -38).
10
Calculate -1 + -5 + (-2 - -4).
-4
10 + -10 - 0 - 5
-5
What is the value of -4 - (-1 - 4 - -1)?
0
What is the value of -19 + 6 + (5 - -2)?
-6
(-4 - -10) + -14 + 4 - -2
-2
Calculate -9 - -6 - (-5 + (-2 - -3)).
1
Evaluate -13 - (-13 - -6 - 8).
2
What is the value of -1 + (8 - (5 - 0))?
2
What is the value of -4 + (9 + -4 - (0 + -3))?
4
What is 8 + (-5 - 1) + (-56 - -59)?
5
Calculate -18 - -12 - (-2 - 0).
-4
(-1 + 5 - -3) + -4
3
What is the value of -2 - -7 - (3 + -11 + 15)?
-2
Evaluate (4 - 10) + (-2 - -7).
-1
What is (-13 + -3 - -8) + 8?
0
What is -3 - -1 - (5 + -16 - -6)?
3
2 - 1 - (-6 + 10)
-3
0 + 4 - (-3 + 7)
0
Calculate 19 - 5 - (-4 + -3 - -14).
7
-3 + (0 - 8) + (-4 - -12)
-3
Evaluate 4 + 2 + -3 + 0.
3
Evaluate -5 - (4 + -11 - -6).
-4
Evaluate (39 - 44) + 2 + 3 - 9.
-9
3 - ((0 - 5) + 3 - -3)
2
Evaluate (6 - (6 + 2)) + 8.
6
Evaluate 1 - (-7 - (-17 - -2)).
-7
Evaluate (-2 - (0 + -3)) + (1 - 2).
0
What is the value of 3 - (2 + (7 - 6) - 2)?
2
What is 15 + -18 + 0 + 1?
-2
What is the value of 9 + -10 - 3 - (-2 + -8)?
6
(4 - 3) + 6 - (2 + 0)
5
Evaluate 0 - (-2 - -6 - 1).
-3
Calculate 9 - (15 + (1 - (5 + -2))).
-4
What is 0 + 9 - (9 + 0 + -6)?
6
What is the value of -12 + 9 - (-11 - (-4 + 0))?
4
-7 - (2 + (-7 - -2))
-4
-8 - (-1 + 1) - (-22 - -18)
-4
What is -8 - -4 - (-9 + 1 + 2)?
2
-3 + 3 + -4 + 7 + -2
1
Calculate (-2 - 8) + (3 - -3).
-4
Calculate -2 - (-5 + 2) - (-1 - -2).
0
Calculate 2 - (4 + 1 + -1).
-2
7 - (5 + -4 + 5)
1
Calculate -6 + 0 + 5 - 3.
-4
(2 - 3) + 3 - 4 - -1
-1
4 + (-2 - -4) - 5
1
What is -2 - (-3 + 14 + -8)?
-5
0 - (11 - 9 - (0 - 1))
-3
Calculate (11 - (6 - -7)) + 0.
-